{"id":10957,"date":"2019-01-29T17:26:28","date_gmt":"2019-01-29T13:26:28","guid":{"rendered":"https:\/\/www.savoryandpartners.com\/?page_id=10957"},"modified":"2021-06-14T13:34:21","modified_gmt":"2021-06-14T09:34:21","slug":"visa-free-countries","status":"publish","type":"page","link":"https:\/\/old.savoryandparnters.com\/programs\/immigration\/uk\/visa-free-countries\/","title":{"rendered":"Visa-Free Countries &#8211; UK"},"content":{"rendered":"[vc_row type=&#8221;in_container&#8221; full_screen_row_position=&#8221;middle&#8221; scene_position=&#8221;center&#8221; text_color=&#8221;dark&#8221; text_align=&#8221;left&#8221; top_padding=&#8221;50&#8243; overlay_strength=&#8221;0.3&#8243; shape_divider_position=&#8221;bottom&#8221; bg_image_animation=&#8221;none&#8221; shape_type=&#8221;&#8221;][vc_column column_padding=&#8221;padding-4-percent&#8221; column_padding_position=&#8221;right&#8221; background_color_opacity=&#8221;1&#8243; background_hover_color_opacity=&#8221;1&#8243; column_link_target=&#8221;_self&#8221; column_shadow=&#8221;none&#8221; column_border_radius=&#8221;none&#8221; width=&#8221;2\/3&#8243; tablet_width_inherit=&#8221;default&#8221; tablet_text_alignment=&#8221;default&#8221; phone_text_alignment=&#8221;default&#8221; column_border_width=&#8221;none&#8221; column_border_color=&#8221;#06324b&#8221; column_border_style=&#8221;solid&#8221; bg_image_animation=&#8221;none&#8221;][nectar_animated_title heading_tag=&#8221;h6&#8243; style=&#8221;hinge-drop&#8221; color=&#8221;Extra-Color-1&#8243; text=&#8221;Visa-Free Countries with UK Residency Card&#8221;][divider line_type=&#8221;No Line&#8221; custom_height=&#8221;50&#8243;][vc_column_text el_class=&#8221;text-citizenship&#8221;]\n<p class=\"p1\">With the <strong>UK Residency Card<\/strong>, you can travel freely to the UK<\/p>\n[\/vc_column_text][vc_row_inner column_margin=&#8221;default&#8221; text_align=&#8221;left&#8221;][vc_column_inner column_padding=&#8221;no-extra-padding&#8221; column_padding_position=&#8221;all&#8221; background_color_opacity=&#8221;1&#8243; background_hover_color_opacity=&#8221;1&#8243; column_shadow=&#8221;none&#8221; column_border_radius=&#8221;none&#8221; column_link_target=&#8221;_self&#8221; width=&#8221;1\/3&#8243; tablet_width_inherit=&#8221;default&#8221; column_border_width=&#8221;none&#8221; column_border_style=&#8221;solid&#8221; bg_image_animation=&#8221;none&#8221;][\/vc_column_inner][vc_column_inner column_padding=&#8221;no-extra-padding&#8221; column_padding_position=&#8221;all&#8221; background_color_opacity=&#8221;1&#8243; background_hover_color_opacity=&#8221;1&#8243; column_shadow=&#8221;none&#8221; column_border_radius=&#8221;none&#8221; column_link_target=&#8221;_self&#8221; width=&#8221;1\/3&#8243; tablet_width_inherit=&#8221;default&#8221; column_border_width=&#8221;none&#8221; column_border_style=&#8221;solid&#8221; bg_image_animation=&#8221;none&#8221;][\/vc_column_inner][vc_column_inner column_padding=&#8221;no-extra-padding&#8221; column_padding_position=&#8221;all&#8221; background_color_opacity=&#8221;1&#8243; background_hover_color_opacity=&#8221;1&#8243; column_shadow=&#8221;none&#8221; column_border_radius=&#8221;none&#8221; column_link_target=&#8221;_self&#8221; width=&#8221;1\/3&#8243; tablet_width_inherit=&#8221;default&#8221; column_border_width=&#8221;none&#8221; column_border_style=&#8221;solid&#8221; bg_image_animation=&#8221;none&#8221;][\/vc_column_inner][\/vc_row_inner][divider line_type=&#8221;Small Line&#8221; line_alignment=&#8221;default&#8221; line_thickness=&#8221;1&#8243; divider_color=&#8221;accent-color&#8221; custom_height=&#8221;70&#8243;][vc_column_text el_class=&#8221;text-citizenship&#8221;]\n<p class=\"p1\">After obtaining British Citizenship you can travel to:<br \/>\n(Visa-free and visa-on-arrival countries)<\/p>\n[\/vc_column_text][divider line_type=&#8221;No Line&#8221; custom_height=&#8221;30&#8243;][vc_row_inner column_margin=&#8221;default&#8221; text_align=&#8221;left&#8221;][vc_column_inner column_padding=&#8221;no-extra-padding&#8221; column_padding_position=&#8221;all&#8221; background_color_opacity=&#8221;1&#8243; background_hover_color_opacity=&#8221;1&#8243; column_shadow=&#8221;none&#8221; column_border_radius=&#8221;none&#8221; column_link_target=&#8221;_self&#8221; width=&#8221;1\/3&#8243; tablet_width_inherit=&#8221;default&#8221; column_border_width=&#8221;none&#8221; column_border_style=&#8221;solid&#8221; bg_image_animation=&#8221;none&#8221;][vc_column_text el_class=&#8221;text-citizenshipnext&#8221;]Albania<br \/>\nAndorra<br \/>\nAngola<br \/>\nAntigua and Barbuda<br \/>\nArgentina<br \/>\nArmenia<br \/>\nAustralia<br \/>\nAustria<br \/>\nAzerbaijan<br \/>\nBahamas<br \/>\nBahrain<br \/>\nBangladesh<br \/>\nBarbados<br \/>\nBelarus<br \/>\nBelgium<br \/>\nBelize<br \/>\nBenin<br \/>\nBolivia<br \/>\nBosnia and Herzegovina<br \/>\nBotswana<br \/>\nBrazil<br \/>\nBrunei<br \/>\nBulgaria<br \/>\nBurkina Faso<br \/>\nCambodia<br \/>\nCanada<br \/>\nCape Verde<br \/>\nChile<br \/>\nColombia<br \/>\nComoros<br \/>\nCosta Rica<br \/>\nC\u00f4te d\u2019Ivoire<br \/>\nCroatia<br \/>\nCyprus<br \/>\nCzech Republic<br \/>\nDenmark<br \/>\nDjibouti<br \/>\nDominica<br \/>\nDominican Republic<br \/>\nEcuador<br \/>\nEgypt<br \/>\nEl Salvador<br \/>\nEstonia<br \/>\nEswatini<br \/>\nEthiopia<br \/>\nFiji<br \/>\nFinland<br \/>\nFrance<br \/>\nGabon<br \/>\nGambia<br \/>\nGeorgia<br \/>\nGermany<br \/>\nGreece[\/vc_column_text][\/vc_column_inner][vc_column_inner column_padding=&#8221;no-extra-padding&#8221; column_padding_position=&#8221;all&#8221; background_color_opacity=&#8221;1&#8243; background_hover_color_opacity=&#8221;1&#8243; column_shadow=&#8221;none&#8221; column_border_radius=&#8221;none&#8221; column_link_target=&#8221;_self&#8221; width=&#8221;1\/3&#8243; tablet_width_inherit=&#8221;default&#8221; column_border_width=&#8221;none&#8221; column_border_style=&#8221;solid&#8221; bg_image_animation=&#8221;none&#8221;][vc_column_text el_class=&#8221;text-citizenshipnext&#8221;]Panama<br \/>\nPapua New Guinea<br \/>\nGrenada<br \/>\nGuatemala<br \/>\nGuine a-Bissau<br \/>\nGuyana<br \/>\nHaiti<br \/>\nHonduras<br \/>\nHungary<br \/>\nIceland<br \/>\nIndia<br \/>\nIndonesia<br \/>\nIreland<br \/>\nIsrael<br \/>\nItaly<br \/>\nJamaica<br \/>\nJapan<br \/>\nJordan<br \/>\nKazakhstan<br \/>\nKenya<br \/>\nKiribati<br \/>\nKuwait<br \/>\nKyrgyzstan<br \/>\nLaos<br \/>\nLatvia<br \/>\nLebanon<br \/>\nLesotho<br \/>\nLiechtenstein<br \/>\nLithuania<br \/>\nLuxembourg<br \/>\nMacedonia<br \/>\nMadagascar<br \/>\nMalawi<br \/>\nMalaysia<br \/>\nMaldives<br \/>\nMalta<br \/>\nMarshall Islands<br \/>\nMauritania<br \/>\nMauritius<br \/>\nMexico<br \/>\nMicronesia<br \/>\nMoldova<br \/>\nMonaco<br \/>\nMontenegro<br \/>\nMorocco<br \/>\nMozambique<br \/>\nMyanmar<br \/>\nNamibia<br \/>\nNepal<br \/>\nNetherlands<br \/>\nNew Zealand<br \/>\nNicaragua<br \/>\nNorway<br \/>\nOman<br \/>\nPalau[\/vc_column_text][\/vc_column_inner][vc_column_inner column_padding=&#8221;no-extra-padding&#8221; column_padding_position=&#8221;all&#8221; background_color_opacity=&#8221;1&#8243; background_hover_color_opacity=&#8221;1&#8243; column_shadow=&#8221;none&#8221; column_border_radius=&#8221;none&#8221; column_link_target=&#8221;_self&#8221; width=&#8221;1\/3&#8243; tablet_width_inherit=&#8221;default&#8221; column_border_width=&#8221;none&#8221; column_border_style=&#8221;solid&#8221; bg_image_animation=&#8221;none&#8221;][vc_column_text el_class=&#8221;text-citizenshipnext&#8221;]Paraguay<br \/>\nPeru<br \/>\nPhilippines<br \/>\nPoland<br \/>\nPortugal<br \/>\nQatar<br \/>\nRomania<br \/>\nRwanda<br \/>\nSaint Kitts and Nevis<br \/>\nSaint Lucia<br \/>\nSaint Vincent and the Grenadines<br \/>\nSamoa<br \/>\nSan Marino<br \/>\nS\u00e3o Tom\u00e9 and Pr\u00edncipe<br \/>\nSenegal<br \/>\nSerbia<br \/>\nSeychelles<br \/>\nSingapore<br \/>\nSlovakia<br \/>\nSlovenia<br \/>\nSolomon Islands<br \/>\nSomalia<br \/>\nSouth Africa<br \/>\nSouth Korea<br \/>\nSpain<br \/>\nSri Lanka<br \/>\nSuriname<br \/>\nSweden<br \/>\nSwitzerland<br \/>\nTajikistan<br \/>\nTanzania<br \/>\nThailand<br \/>\nTimor-Leste<br \/>\nTogo<br \/>\nTonga<br \/>\nTrinidad and Tobago<br \/>\nTunisia<br \/>\nTurkey<br \/>\nTuvalu<br \/>\nUganda<br \/>\nUkraine<br \/>\nUnited Arab Emirates<br \/>\nUnited States<br \/>\nUruguay<br \/>\nUzbekistan<br \/>\nVanuatu<br \/>\nVatican City<br \/>\nVenezuela<br \/>\nVietnam<br \/>\nZambia<br \/>\nZimbabwe[\/vc_column_text][\/vc_column_inner][\/vc_row_inner][\/vc_column][vc_column column_padding=&#8221;padding-2-percent&#8221; column_padding_position=&#8221;all&#8221; background_color_opacity=&#8221;1&#8243; background_hover_color_opacity=&#8221;1&#8243; column_link_target=&#8221;_self&#8221; column_shadow=&#8221;none&#8221; column_border_radius=&#8221;3px&#8221; el_class=&#8221;sdbr&#8221; width=&#8221;1\/3&#8243; tablet_width_inherit=&#8221;default&#8221; tablet_text_alignment=&#8221;default&#8221; phone_text_alignment=&#8221;default&#8221; column_border_width=&#8221;none&#8221; bg_image_animation=&#8221;none&#8221; offset=&#8221;vc_col-lg-4&#8243;][vc_widget_sidebar enable_sticky=&#8221;true&#8221; sidebar_id=&#8221;page-sidebar&#8221;][\/vc_column][\/vc_row]\n","protected":false},"excerpt":{"rendered":"<p>[vc_row type=&#8221;in_container&#8221; full_screen_row_position=&#8221;middle&#8221; scene_position=&#8221;center&#8221; text_color=&#8221;dark&#8221; text_align=&#8221;left&#8221; top_padding=&#8221;50&#8243; overlay_strength=&#8221;0.3&#8243; shape_divider_position=&#8221;bottom&#8221; bg_image_animation=&#8221;none&#8221; shape_type=&#8221;&#8221;][vc_column column_padding=&#8221;padding-4-percent&#8221; column_padding_position=&#8221;right&#8221; background_color_opacity=&#8221;1&#8243; background_hover_color_opacity=&#8221;1&#8243; column_link_target=&#8221;_self&#8221; column_shadow=&#8221;none&#8221; column_border_radius=&#8221;none&#8221; width=&#8221;2\/3&#8243; tablet_width_inherit=&#8221;default&#8221; tablet_text_alignment=&#8221;default&#8221; phone_text_alignment=&#8221;default&#8221; column_border_width=&#8221;none&#8221; column_border_color=&#8221;#06324b&#8221; column_border_style=&#8221;solid&#8221; bg_image_animation=&#8221;none&#8221;][nectar_animated_title heading_tag=&#8221;h6&#8243; style=&#8221;hinge-drop&#8221; color=&#8221;Extra-Color-1&#8243; text=&#8221;Visa-Free&#8230;<\/p>\n","protected":false},"author":22,"featured_media":12491,"parent":10907,"menu_order":0,"comment_status":"closed","ping_status":"closed","template":"template - country subpage.php","meta":{"_acf_changed":false,"footnotes":""},"class_list":["post-10957","page","type-page","status-publish","has-post-thumbnail"],"acf":[],"yoast_head":"<!-- This site is optimized with the Yoast SEO Premium plugin v18.1 (Yoast SEO v23.1) - https:\/\/yoast.com\/wordpress\/plugins\/seo\/ -->\n<title>Visa-Free Countries with UK Residence Card | British Citizenship - Savory &amp; Partners<\/title>\n<meta name=\"description\" content=\"With the UK Residency Card, you can travel freely within the UK. British Citizenship allows you to travel over 180 countries visa-free or with visa-on-arrival access. Contact Savory &amp; Partners to know more on visa-free travel countries with UK Residency Card.\" \/>\n<meta name=\"robots\" content=\"index, follow, max-snippet:-1, max-image-preview:large, max-video-preview:-1\" \/>\n<link rel=\"canonical\" href=\"https:\/\/old.savoryandparnters.com\/programs\/immigration\/uk\/visa-free-countries\/\" \/>\n<meta property=\"og:locale\" content=\"en_US\" \/>\n<meta property=\"og:type\" content=\"article\" \/>\n<meta property=\"og:title\" content=\"Visa-Free Countries - UK\" \/>\n<meta property=\"og:description\" content=\"With the UK Residency Card, you can travel freely within the UK. British Citizenship allows you to travel over 180 countries visa-free or with visa-on-arrival access. Contact Savory &amp; Partners to know more on visa-free travel countries with UK Residency Card.\" \/>\n<meta property=\"og:url\" content=\"https:\/\/old.savoryandparnters.com\/programs\/immigration\/uk\/visa-free-countries\/\" \/>\n<meta property=\"og:site_name\" content=\"Second Citizenship by Investment, Second Passport Programs - Savory &amp; Partners\" \/>\n<meta property=\"article:publisher\" content=\"https:\/\/www.facebook.com\/SavoryAndPartners\/\" \/>\n<meta property=\"article:modified_time\" content=\"2021-06-14T09:34:21+00:00\" \/>\n<meta property=\"og:image\" content=\"https:\/\/old.savoryandparnters.com\/wp-content\/uploads\/2019\/09\/UK.jpg\" \/>\n\t<meta property=\"og:image:width\" content=\"1200\" \/>\n\t<meta property=\"og:image:height\" content=\"630\" \/>\n\t<meta property=\"og:image:type\" content=\"image\/jpeg\" \/>\n<meta name=\"twitter:card\" content=\"summary_large_image\" \/>\n<meta name=\"twitter:site\" content=\"@SavoryPartners\" \/>\n<meta name=\"twitter:label1\" content=\"Est. reading time\" \/>\n\t<meta name=\"twitter:data1\" content=\"4 minutes\" \/>\n<script type=\"application\/ld+json\" class=\"yoast-schema-graph\">{\"@context\":\"https:\/\/schema.org\",\"@graph\":[{\"@type\":\"WebPage\",\"@id\":\"https:\/\/old.savoryandparnters.com\/programs\/immigration\/uk\/visa-free-countries\/\",\"url\":\"https:\/\/old.savoryandparnters.com\/programs\/immigration\/uk\/visa-free-countries\/\",\"name\":\"Visa-Free Countries with UK Residence Card | British Citizenship - Savory & Partners\",\"isPartOf\":{\"@id\":\"https:\/\/old.savoryandparnters.com\/#website\"},\"primaryImageOfPage\":{\"@id\":\"https:\/\/old.savoryandparnters.com\/programs\/immigration\/uk\/visa-free-countries\/#primaryimage\"},\"image\":{\"@id\":\"https:\/\/old.savoryandparnters.com\/programs\/immigration\/uk\/visa-free-countries\/#primaryimage\"},\"thumbnailUrl\":\"https:\/\/old.savoryandparnters.com\/wp-content\/uploads\/2019\/09\/UK.jpg\",\"datePublished\":\"2019-01-29T13:26:28+00:00\",\"dateModified\":\"2021-06-14T09:34:21+00:00\",\"description\":\"With the UK Residency Card, you can travel freely within the UK. British Citizenship allows you to travel over 180 countries visa-free or with visa-on-arrival access. Contact Savory & Partners to know more on visa-free travel countries with UK Residency Card.\",\"breadcrumb\":{\"@id\":\"https:\/\/old.savoryandparnters.com\/programs\/immigration\/uk\/visa-free-countries\/#breadcrumb\"},\"inLanguage\":\"en-US\",\"potentialAction\":[{\"@type\":\"ReadAction\",\"target\":[\"https:\/\/old.savoryandparnters.com\/programs\/immigration\/uk\/visa-free-countries\/\"]}]},{\"@type\":\"ImageObject\",\"inLanguage\":\"en-US\",\"@id\":\"https:\/\/old.savoryandparnters.com\/programs\/immigration\/uk\/visa-free-countries\/#primaryimage\",\"url\":\"https:\/\/old.savoryandparnters.com\/wp-content\/uploads\/2019\/09\/UK.jpg\",\"contentUrl\":\"https:\/\/old.savoryandparnters.com\/wp-content\/uploads\/2019\/09\/UK.jpg\",\"width\":1200,\"height\":630,\"caption\":\"United Kingdom - Immigration by Investment - Savory and Partners\"},{\"@type\":\"BreadcrumbList\",\"@id\":\"https:\/\/old.savoryandparnters.com\/programs\/immigration\/uk\/visa-free-countries\/#breadcrumb\",\"itemListElement\":[{\"@type\":\"ListItem\",\"position\":1,\"name\":\"Home\",\"item\":\"https:\/\/old.savoryandparnters.com\/\"},{\"@type\":\"ListItem\",\"position\":2,\"name\":\"Programs\",\"item\":\"https:\/\/old.savoryandparnters.com\/programs\/\"},{\"@type\":\"ListItem\",\"position\":3,\"name\":\"Immigration\",\"item\":\"https:\/\/old.savoryandparnters.com\/programs\/immigration\/\"},{\"@type\":\"ListItem\",\"position\":4,\"name\":\"UK\",\"item\":\"https:\/\/old.savoryandparnters.com\/programs\/immigration\/uk\/\"},{\"@type\":\"ListItem\",\"position\":5,\"name\":\"Visa-Free Countries &#8211; UK\"}]},{\"@type\":\"WebSite\",\"@id\":\"https:\/\/old.savoryandparnters.com\/#website\",\"url\":\"https:\/\/old.savoryandparnters.com\/\",\"name\":\"Second Citizenship by Investment, Second Passport Programs - Savory &amp; Partners\",\"description\":\"Citizenship &amp; Residency by Investment\",\"publisher\":{\"@id\":\"https:\/\/old.savoryandparnters.com\/#organization\"},\"potentialAction\":[{\"@type\":\"SearchAction\",\"target\":{\"@type\":\"EntryPoint\",\"urlTemplate\":\"https:\/\/old.savoryandparnters.com\/?s={search_term_string}\"},\"query-input\":\"required name=search_term_string\"}],\"inLanguage\":\"en-US\"},{\"@type\":\"Organization\",\"@id\":\"https:\/\/old.savoryandparnters.com\/#organization\",\"name\":\"Second Citizenship by Investment, Second Passport Programs - Savory & Partners\",\"url\":\"https:\/\/old.savoryandparnters.com\/\",\"logo\":{\"@type\":\"ImageObject\",\"inLanguage\":\"en-US\",\"@id\":\"https:\/\/old.savoryandparnters.com\/#\/schema\/logo\/image\/\",\"url\":\"https:\/\/old.savoryandparnters.com\/wp-content\/uploads\/2018\/06\/Logo_Original-Editable.png\",\"contentUrl\":\"https:\/\/old.savoryandparnters.com\/wp-content\/uploads\/2018\/06\/Logo_Original-Editable.png\",\"width\":1203,\"height\":1200,\"caption\":\"Second Citizenship by Investment, Second Passport Programs - Savory & Partners\"},\"image\":{\"@id\":\"https:\/\/old.savoryandparnters.com\/#\/schema\/logo\/image\/\"},\"sameAs\":[\"https:\/\/www.facebook.com\/SavoryAndPartners\/\",\"https:\/\/x.com\/SavoryPartners\",\"https:\/\/www.instagram.com\/savoryandpartners\/\",\"https:\/\/www.linkedin.com\/company\/savory-and-partners-l-l-c\/\",\"https:\/\/www.youtube.com\/savoryandpartnersuae\"]}]}<\/script>\n<!-- \/ Yoast SEO Premium plugin. -->","yoast_head_json":{"title":"Visa-Free Countries with UK Residence Card | British Citizenship - Savory & Partners","description":"With the UK Residency Card, you can travel freely within the UK. British Citizenship allows you to travel over 180 countries visa-free or with visa-on-arrival access. Contact Savory & Partners to know more on visa-free travel countries with UK Residency Card.","robots":{"index":"index","follow":"follow","max-snippet":"max-snippet:-1","max-image-preview":"max-image-preview:large","max-video-preview":"max-video-preview:-1"},"canonical":"https:\/\/old.savoryandparnters.com\/programs\/immigration\/uk\/visa-free-countries\/","og_locale":"en_US","og_type":"article","og_title":"Visa-Free Countries - UK","og_description":"With the UK Residency Card, you can travel freely within the UK. British Citizenship allows you to travel over 180 countries visa-free or with visa-on-arrival access. Contact Savory & Partners to know more on visa-free travel countries with UK Residency Card.","og_url":"https:\/\/old.savoryandparnters.com\/programs\/immigration\/uk\/visa-free-countries\/","og_site_name":"Second Citizenship by Investment, Second Passport Programs - Savory &amp; Partners","article_publisher":"https:\/\/www.facebook.com\/SavoryAndPartners\/","article_modified_time":"2021-06-14T09:34:21+00:00","og_image":[{"width":1200,"height":630,"url":"https:\/\/old.savoryandparnters.com\/wp-content\/uploads\/2019\/09\/UK.jpg","type":"image\/jpeg"}],"twitter_card":"summary_large_image","twitter_site":"@SavoryPartners","twitter_misc":{"Est. reading time":"4 minutes"},"schema":{"@context":"https:\/\/schema.org","@graph":[{"@type":"WebPage","@id":"https:\/\/old.savoryandparnters.com\/programs\/immigration\/uk\/visa-free-countries\/","url":"https:\/\/old.savoryandparnters.com\/programs\/immigration\/uk\/visa-free-countries\/","name":"Visa-Free Countries with UK Residence Card | British Citizenship - Savory & Partners","isPartOf":{"@id":"https:\/\/old.savoryandparnters.com\/#website"},"primaryImageOfPage":{"@id":"https:\/\/old.savoryandparnters.com\/programs\/immigration\/uk\/visa-free-countries\/#primaryimage"},"image":{"@id":"https:\/\/old.savoryandparnters.com\/programs\/immigration\/uk\/visa-free-countries\/#primaryimage"},"thumbnailUrl":"https:\/\/old.savoryandparnters.com\/wp-content\/uploads\/2019\/09\/UK.jpg","datePublished":"2019-01-29T13:26:28+00:00","dateModified":"2021-06-14T09:34:21+00:00","description":"With the UK Residency Card, you can travel freely within the UK. British Citizenship allows you to travel over 180 countries visa-free or with visa-on-arrival access. Contact Savory & Partners to know more on visa-free travel countries with UK Residency Card.","breadcrumb":{"@id":"https:\/\/old.savoryandparnters.com\/programs\/immigration\/uk\/visa-free-countries\/#breadcrumb"},"inLanguage":"en-US","potentialAction":[{"@type":"ReadAction","target":["https:\/\/old.savoryandparnters.com\/programs\/immigration\/uk\/visa-free-countries\/"]}]},{"@type":"ImageObject","inLanguage":"en-US","@id":"https:\/\/old.savoryandparnters.com\/programs\/immigration\/uk\/visa-free-countries\/#primaryimage","url":"https:\/\/old.savoryandparnters.com\/wp-content\/uploads\/2019\/09\/UK.jpg","contentUrl":"https:\/\/old.savoryandparnters.com\/wp-content\/uploads\/2019\/09\/UK.jpg","width":1200,"height":630,"caption":"United Kingdom - Immigration by Investment - Savory and Partners"},{"@type":"BreadcrumbList","@id":"https:\/\/old.savoryandparnters.com\/programs\/immigration\/uk\/visa-free-countries\/#breadcrumb","itemListElement":[{"@type":"ListItem","position":1,"name":"Home","item":"https:\/\/old.savoryandparnters.com\/"},{"@type":"ListItem","position":2,"name":"Programs","item":"https:\/\/old.savoryandparnters.com\/programs\/"},{"@type":"ListItem","position":3,"name":"Immigration","item":"https:\/\/old.savoryandparnters.com\/programs\/immigration\/"},{"@type":"ListItem","position":4,"name":"UK","item":"https:\/\/old.savoryandparnters.com\/programs\/immigration\/uk\/"},{"@type":"ListItem","position":5,"name":"Visa-Free Countries &#8211; UK"}]},{"@type":"WebSite","@id":"https:\/\/old.savoryandparnters.com\/#website","url":"https:\/\/old.savoryandparnters.com\/","name":"Second Citizenship by Investment, Second Passport Programs - Savory &amp; Partners","description":"Citizenship &amp; Residency by Investment","publisher":{"@id":"https:\/\/old.savoryandparnters.com\/#organization"},"potentialAction":[{"@type":"SearchAction","target":{"@type":"EntryPoint","urlTemplate":"https:\/\/old.savoryandparnters.com\/?s={search_term_string}"},"query-input":"required name=search_term_string"}],"inLanguage":"en-US"},{"@type":"Organization","@id":"https:\/\/old.savoryandparnters.com\/#organization","name":"Second Citizenship by Investment, Second Passport Programs - Savory & Partners","url":"https:\/\/old.savoryandparnters.com\/","logo":{"@type":"ImageObject","inLanguage":"en-US","@id":"https:\/\/old.savoryandparnters.com\/#\/schema\/logo\/image\/","url":"https:\/\/old.savoryandparnters.com\/wp-content\/uploads\/2018\/06\/Logo_Original-Editable.png","contentUrl":"https:\/\/old.savoryandparnters.com\/wp-content\/uploads\/2018\/06\/Logo_Original-Editable.png","width":1203,"height":1200,"caption":"Second Citizenship by Investment, Second Passport Programs - Savory & Partners"},"image":{"@id":"https:\/\/old.savoryandparnters.com\/#\/schema\/logo\/image\/"},"sameAs":["https:\/\/www.facebook.com\/SavoryAndPartners\/","https:\/\/x.com\/SavoryPartners","https:\/\/www.instagram.com\/savoryandpartners\/","https:\/\/www.linkedin.com\/company\/savory-and-partners-l-l-c\/","https:\/\/www.youtube.com\/savoryandpartnersuae"]}]}},"_links":{"self":[{"href":"https:\/\/old.savoryandparnters.com\/wp-json\/wp\/v2\/pages\/10957"}],"collection":[{"href":"https:\/\/old.savoryandparnters.com\/wp-json\/wp\/v2\/pages"}],"about":[{"href":"https:\/\/old.savoryandparnters.com\/wp-json\/wp\/v2\/types\/page"}],"author":[{"embeddable":true,"href":"https:\/\/old.savoryandparnters.com\/wp-json\/wp\/v2\/users\/22"}],"replies":[{"embeddable":true,"href":"https:\/\/old.savoryandparnters.com\/wp-json\/wp\/v2\/comments?post=10957"}],"version-history":[{"count":0,"href":"https:\/\/old.savoryandparnters.com\/wp-json\/wp\/v2\/pages\/10957\/revisions"}],"up":[{"embeddable":true,"href":"https:\/\/old.savoryandparnters.com\/wp-json\/wp\/v2\/pages\/10907"}],"wp:featuredmedia":[{"embeddable":true,"href":"https:\/\/old.savoryandparnters.com\/wp-json\/wp\/v2\/media\/12491"}],"wp:attachment":[{"href":"https:\/\/old.savoryandparnters.com\/wp-json\/wp\/v2\/media?parent=10957"}],"curies":[{"name":"wp","href":"https:\/\/api.w.org\/{rel}","templated":true}]}}